t m(k) = -7*k + 7. Let v(w) = -w. Let r(x) = -m(x) + 5*v(x). What is r(8)?
9
Let n = 4 + -1. Let t = 9 - n. Suppose -3*m + 6*m + t = 0. Let j(d) = 3*d - 1. Determine j(m).
-7
Suppose -2*r - 24 = 3*l, l - 3*r + 0 = 3. Let h(c) = 4*c**2 - c - 2. Let y(b) = b**2 + b - 1. Let v(p) = h(p) - 5*y(p). Give v(l).
3
Let a(i) = -i - 6. Let x(r) = -3*r - 17. Let s(n) = -8*a(n) + 3*x(n). Let f = 1529 - 1534. What is s(f)?
2
Suppose j + 5*c = 22, c + 1 = 4*j - 3. Let k(g) be the second derivative of -1/6*g**4 - 1 + 1/3*g**3 + 10*g - g**2. Determine k(j).
-6
Let o = 0 + 0. Suppose 2*l + l = o. Let s(z) = -1 + l - 2 - 3*z. Give s(-6).
15
Let r(x) = x**2 + 2*x. Let g(z) be the third derivative of z**5/60 + z**4/8 - 5*z**3/6 + 7*z**2. Let q be g(5). Let v = -36 + q. What is r(v)?
-1
Let r(w) = 5*w**2 - 5*w + 2. Let y(c) = -c**2 + c. Let u(m) = 2*r(m) + 11*y(m). Give u(0).
4
Let s(i) be the first derivative of -i**3/2 - 15*i - 4. Let c(j) be the first derivative of s(j). Suppose -1 = w - 5*q, 3*w + 7*q + 3 = 2*q. Give c(w).
3
Let f be 2/1 - (-3 - 0). Let j(m) = 8*m - 55. Let y be j(6). Let q(d) = 16*d - 25. Let s(t) = -9*t + 13. Let z(g) = y*s(g) - 4*q(g). Determine z(f).
4
Let p(x) be the first derivative of 5*x**2/2 + 14*x - 309. Determine p(-4).
-6
Let a(p) = p**2 - 3*p + 3. Let d be a(3). Suppose -l = 4*l - 4*f - 31, -2*l - f = -2. Let j(s) = -l + 16*s**d - 15*s**3 - s**2 + 2*s**2. Give j(0).
-3
Suppose 4*r + 3*x = 8, 5*r = r + x + 8. Let j(y) = 1 - 5 + r - 4 - y. Suppose 12 = -v - 3*v. Determine j(v).
-3
Let q(h) be the second derivative of -h**5/20 - h**2/2 - 44*h - 2. Determine q(1).
-2
Let r = 60 + -65. Let t be (r - (-6)/3)/1. Let f(z) = z**2 + 4*z. Calculate f(t).
-3
Let y(d) be the third derivative of d**8/6720 + d**7/504 - 7*d**5/120 + 47*d**4/24 - 6*d**2. Let z(k) be the second derivative of y(k). What is z(-5)?
-7
Suppose -5*b + c + 335 = -152, 0 = -c + 3. Let r(x) = -b - 3*x + 104 + 6*x. Let o = -11 - -6. What is r(o)?
-9
Suppose 25 = -5*j, 42*h - 47*h = 3*j - 10. Let y(r) = r**2 - 8*r - 11. Give y(h).
-26
Let z(f) = 2*f**3 + 12*f**2 + 3*f + 6. Let t(d) = -3*d**3 - 18*d**2 - 5*d - 10. Let a(c) = 5*t(c) + 7*z(c). Give a(-6).
16
Suppose -9 + 21 = 4*m. Let n(g) = 3 - 2*g**3 + 30*g - 2*g**m + 2*g**3 - 26*g. Determine n(-2).
11
Let a(c) be the third derivative of -c**4/24 + c**3/6 - 8*c**2. Let i(x) = x**2 - 2*x - 6. Let u(h) = -6*a(h) - i(h). What is u(6)?
12
Let h be 11/(-6) + 68/24 + -3. Let u(i) = -13*i**2 - 5*i + 21. Let g(v) = 5 - 5*v**2 + 2*v**2 + v - 6*v + 4*v. Let x(m) = h*u(m) + 9*g(m). Calculate x(3).
-3
Let m(a) = -6*a - 3. Suppose 25 = 5*c + 5*v - 0, -4*c + 21 = 5*v. Give m(c).
-27
Let r(p) = -3*p + 9. Let l(n) = -2*n + 8. Let w(v) = 4*l(v) - 3*r(v). Suppose y + 2*q - 8 = 0, -5*q = -3*y - 16 - 15. Let j = -2 - y. Determine w(j).
5
Let k(n) be the second derivative of -n**4/12 + n**3 + n**2/2 - 7*n + 2. Give k(6).
1
Suppose -4*k + 5*m = -11, -3*k - 3*m - 2 - 10 = 0. Let w(j) = -5*j**2 - j. Calculate w(k).
-4
Suppose 0 = 4*o - 17 - 39. Suppose 2*t + 2*k + o = -3*t, 4*t + 5*k + 1 = 0. Let j(g) = -2*g - 5. Calculate j(t).
3
Let o(v) = 2*v**2 + 11*v + 5. Let m = 278 + -282. Determine o(m).
-7
Let p(t) be the first derivative of 7/2*t**2 + 39 + 1/3*t**3 + 2*t. Determine p(-7).
2
Let y(t) be the second derivative of t**4/12 - t**3/6 - t**2 + 22*t. Determine y(0).
-2
Let s(v) = -13*v**3 - 19*v**2 - 22*v + 4. Let y(w) = -4*w**3 - 6*w**2 - 7*w + 1. Let m(z) = -3*s(z) + 10*y(z). Determine m(-2).
2
Let b(h) be the third derivative of -h**9/60480 + h**8/20160 - h**6/720 + h**5/30 + 9*h**2. Let k(t) be the third derivative of b(t). Give k(0).
-1
Let n(v) = 4*v**2 + 3*v + 2. Let f be 2/1 + (14 - 15 - 3). Calculate n(f).
12
Let j(y) = -4*y + 15. Let a(w) = 7*w - 20. Let n(l) = -3*a(l) - 5*j(l). Calculate n(8).
-23
Let j(b) be the first derivative of 16*b**3/3 - 129. What is j(1)?
16
Let i(p) be the first derivative of p**3/3 - 5*p**2/2 - 12*p - 548. Determine i(6).
-6
Let p(r) be the third derivative of -r**4/24 + r**3 + r**2. Let x = 164 - 169. What is p(x)?
11
Let b(v) = v**3 - 4*v**2 + v. Suppose -j - 3*j - 14 = 3*k, -3*k = 3*j + 12. Let t be (-2 - k) + 0 - 15. Let n = -11 - t. What is b(n)?
4
Suppose 9 = 3*p + 3*d, -5*d + 6 + 1 = 3*p. Let l(s) = s. Let h(t) = 3*t - 1. Let i(m) = p*l(m) - h(m). Let u be (10/(-25))/((-1)/5). Give i(u).
3
Suppose -3*d = 3*m + 6, -17 = 2*m - 9. Let a(n) = 7*n - 3. Determine a(d).
11
Let l(h) = -7*h + 5 + 0 - 4 + h**2. Let u = 0 - -7. Let n = -2 + u. Determine l(n).
-9
Let c(z) = 10*z + 2. Let x be c(-1). Let h be (-2)/x + 84/(-16). Let d(q) be the first derivative of q**2 + 5*q + 3. Calculate d(h).
-5
Suppose -3*n = -5*g - 2*n + 40, -g + 8 = 3*n. Suppose z - 5*z = -g. Suppose -3*r - z = -2*r. Let h(o) = o**2 - 1. Give h(r).
3
Let w(o) be the first derivative of o**3/3 + 7*o**2 + 10*o - 143. Give w(-13).
-3
Let y(j) be the third derivative of j**5/12 - j**4/12 + 7*j**3/6 + 15*j**2. Let w(x) = -x**2. Let s(m) = 6*w(m) + y(m). Determine s(-5).
-8
Let v(r) = 26*r - 119. Let x be v(5). Let j(z) = z**2 - 9*z - 12. Determine j(x).
10
Suppose -6*u + 625 - 637 = 0. Let s(n) = n**3 - 3*n**2 + 1 + 1 - 3*n**3. What is s(u)?
6
Suppose -165 = -8*h - 7*h. Let n(q) = -39*q - 12 + 11*q + 18*q + h*q. Determine n(13).
1
Let m(r) be the second derivative of r**3/3 + r**2 - 2*r + 59. Give m(6).
14
Let w = 5 - 2. Let g be w*2*(-4)/(-8). Let z(o) = -6*o**g - 2*o**2 + o**2 + 2*o + 0*o**2 - 1. Give z(1).
-6
Let j(a) be the third derivative of -a**6/360 - a**5/15 + a**4/3 + 5*a**2. Let y(v) be the second derivative of j(v). Give y(-6).
4
Let v(l) = -8*l + 4 + 10*l - 7 + 4. Suppose -3*x = 3*m + 3, 2*m = -8*x + 3*x + 10. Calculate v(m).
-9
Let i(m) = -m**3 - 7*m**2 + 2*m + 6. Suppose -1877 = 10*f - 1807. What is i(f)?
-8
Let j(u) = -u**3 - u + 1. Let x(z) = -z. Let m(b) = j(b) - x(b). Determine m(1).
0
Let q(s) = -5*s. Suppose -2*u - 5 - 3 = -4*b, -2*u + 5*b - 9 = 0. Let p be (-81)/6*u - 2. Suppose -4 = -o + f - 2*f, -5*f = -p. What is q(o)?
5
Let h(s) be the second derivative of -s**5/20 + 7*s**4/12 - 5*s**2 + 10*s + 2. Give h(7).
-10
Suppose -10 = -4*p - 2*j + 10, -3*p - 2*j = -17. Suppose 0 = p*b + 3. Let m(z) = -7*z - 1. Determine m(b).
6
Let g be (-18)/3 + -1 + 4. Let u(x) = x**3 + 5*x**2 + 4*x + 7. Let r(f) = -f**3 - 5*f**2 - 4*f - 6. Let h(z) = 3*r(z) + 2*u(z). Give h(g).
-10
Suppose -a + 4*a = 135. Suppose 0*b - 5*b = a. Let p(n) = -9*n**2 + 8*n - 18. Let h(k) = -11*k**2 + 8*k - 19. Let w(f) = -5*h(f) + 6*p(f). Determine w(b).
-4
Let l(g) be the second derivative of -1/15*g**5 + 0*g**2 - 7/6*g**3 - 6*g + 0 + 0*g**4. Let v(c) be the second derivative of l(c). Give v(-1).
8
Let z(b) = -1 - 50*b + b**2 - 3 - 6 + 61*b - 2*b**2. What is z(7)?
18
Let l(n) = n + 16. Suppose -s + 1 - 18 = 5*i, -85 = 5*s + 3*i. What is l(s)?
-1
Let j(r) be the third derivative of r**5/60 + r**4/12 - 5*r**3/6 + 59*r**2 + 1. Determine j(-4).
3
Let w(s) = 11*s - 11. Let l(d) = -32*d + 31. Let t(b) = -6*l(b) - 17*w(b). Determine t(1).
6
Let n be (0/((-9)/(-3)))/1. Suppose 0 = 4*i - a - 11, n = -2*i + 6*i - 5*a + 9. Let z(u) = u - u + i - 3*u + 2*u. What is z(7)?
-3
Let p(z) = -z - 2. Let o be p(3). Let s(r) = -2*r + 7. Let n(i) = -2*i - 11 + 5*i - 3*i + 3*i. Let h(m) = o*n(m) - 8*s(m). Determine h(-4).
-5
Let s(n) = -6*n**3 - 2*n**2 - n + 5. Let z(f) = -7*f**3 - f**2 - 2*f + 5. Let q(b) = -6*s(b) + 5*z(b). Give q(-7).
23
Let q(a) = 3*a**2 + a + 1. Suppose 32 = 3*f + 5. Suppose -3*r = -0*r + f. Give q(r).
25
Let n(p) = -2*p - 11. Suppose -t - 9 = -g - 4, 0 = -g + 4*t - 4. Let k(m) = -m - 4. Let r(z) = g*k(z) - 3*n(z). Determine r(3).
-5
Let w be (2/(-6))/(-2 - 184/(-96)). Let q(s) = s + 1. Determine q(w).
5
Suppose -463 = 14*x - 505. Let u(j) = j**3 - j**2 - 4*j - 1. What is u(x)?
5
Suppose 29 = 4*n + l, l = -2 + 3. Suppose -15*c + 8 = -11*c. Let p(h) = n*h + 6 - h + h**c - 8*h**2 + h**3. Calculate p(6).
6
Let y(d) be the third derivative of -d**4/24 + d**3/3 + 168*d**2. What is y(8)?
-6
Suppose 0 = -7*i + 2*i + 10. Let r(f) = 3*f - f - 3 + 1 + f**i - 1. Let m = -25 - -27. Calculate r(m).
5
Let x(r) = -r**3 - 12*r**2 - 11*r + 13. Suppose -3*n - 2*b = -5*b + 18, 1 = -n + 2*b. What is x(n)?
13
Let v(n) = n**3 + 11*n**2 - 12*n - 11. Let f(j) = j**3 - 4*j**2 - 12*j + 23.